{"id":727,"date":"2025-11-07T21:13:34","date_gmt":"2025-11-07T20:13:34","guid":{"rendered":"https:\/\/jardinaby.fr\/?page_id=727"},"modified":"2025-12-08T15:14:38","modified_gmt":"2025-12-08T14:14:38","slug":"ag","status":"publish","type":"page","link":"https:\/\/jardinaby.fr\/index.php\/ag\/","title":{"rendered":"AG"},"content":{"rendered":"\n<div class=\"wp-block-file\"><a id=\"wp-block-file--media-6c3bb94d-00a3-4cbb-b990-13b047097635\" href=\"https:\/\/jardinaby.fr\/wp-content\/uploads\/2025\/12\/JardinaBY_CR-AGs-Extraordianire-puis-Ordinaire-puis-CA_23nov-2025_V1.0.pdf\" target=\"_blank\" rel=\"noreferrer noopener\"><br><strong>&#8211; JardinaBY_CR-AGs-Extraordianire-puis-Ordinaire-puis-CA_23nov-2025_V1.0<\/strong><br><br><\/a><\/div>\n\n\n\n<p>Vous \u00eates cordialement invit\u00e9s \u00e0 l&rsquo; Assembl\u00e9e G\u00e9n\u00e9rale Extraordinaire de Jardin\u00e0BY le mercredi 10 d\u00e9cembre 2025 \u00e0 18h \u00e0 la Maison de l&rsquo;Ecologie et de la Transition de Bures-sur-Yvette. Cette assembl\u00e9e a pour objet la modification des statuts.<br><\/p>\n\n\n\n<div class=\"wp-block-file\"><a id=\"wp-block-file--media-27cd6419-a0f9-4aa8-b180-3677e5363640\" href=\"https:\/\/jardinaby.fr\/wp-content\/uploads\/2025\/12\/JardinaBY_Convocation-AGE_10-dec-2025_V1.0.pdf\" target=\"_blank\" rel=\"noreferrer noopener\"><strong>&#8211; JardinaBY_Convocation-AGE_10-dec-2025_V1.0<\/strong><br><br><\/a><\/div>\n\n\n\n<div class=\"wp-block-file\"><a id=\"wp-block-file--media-3888ec02-8311-41c8-b39e-b8717d5e83dc\" href=\"https:\/\/jardinaby.fr\/wp-content\/uploads\/2025\/11\/JardinaBY_Statuts_2025_V1.0_avec-tracabilite-des-evolutions.pdf\" target=\"_blank\" rel=\"noreferrer noopener\"><strong>&#8211; JardinaBY_Statuts_2025_V1.0_avec-tracabilite-des-evolutions<\/strong><br><br><\/a><\/div>\n\n\n\n<div class=\"wp-block-file\"><a id=\"wp-block-file--media-2b0bc571-88ed-4458-88fd-5f8ddb2e89be\" href=\"https:\/\/jardinaby.fr\/wp-content\/uploads\/2025\/12\/JardinaBY_Statuts_2025_V1.0.pdf\" target=\"_blank\" rel=\"noreferrer noopener\"><strong>&#8211; JardinaBY_Statuts_2025_V1.0<\/strong><br><br><br><br><\/a><\/div>\n\n\n\n<p>Vous \u00eates tous cordialement invit\u00e9s aux Assembl\u00e9es G\u00e9n\u00e9rales Extraordinaire et Ordinaire de Jardin\u00e0BY le dimanche 23 novembre 2025 \u00e0 la Maison de l&rsquo;Ecologie et de la Transition de Bures-sur-Yvette. <br><br>N&rsquo;oubliez pas de renouveler votre adh\u00e9sion : <a href=\"https:\/\/www.helloasso.com\/associations\/jardin-et-partage-a-bures-sur-yvette-jardinaby\/adhesions\/adhesion-2025-2026-2-1\" target=\"_blank\" rel=\"noreferrer noopener\"><strong>Adh\u00e9rer \u00e0 Jardin\u00e0BY<\/strong><\/a><br><br>Cliquer sur chaque document que vous souhaitez consulter et qui sera soumis \u00e0 validation :<\/p>\n\n\n\n<div class=\"wp-block-file\"><a id=\"wp-block-file--media-2958fc94-b635-4d93-b694-14b436f3acc1\" href=\"https:\/\/jardinaby.fr\/wp-content\/uploads\/2025\/11\/JardinaBY_Convocation-AGs_23nov-2025_V1.0-2.pdf\" target=\"_blank\" rel=\"noreferrer noopener\"><strong>&#8211; JardinaBY_Convocation-AGs_23nov-2025_V1.0<\/strong><\/a><\/div>\n\n\n\n<p class=\"has-text-align-left\"><br><strong>Convocation \u00e0 l&rsquo;Assembl\u00e9e G\u00e9n\u00e9rale Extraordinaire<\/strong> : dimanche 23 novembre \u00e0 16h00. Cette assembl\u00e9e a pour objet la modification des statuts.<\/p>\n\n\n\n<div class=\"wp-block-file\"><a id=\"wp-block-file--media-3888ec02-8311-41c8-b39e-b8717d5e83dc\" href=\"https:\/\/jardinaby.fr\/wp-content\/uploads\/2025\/11\/JardinaBY_Statuts_2025_V1.0_avec-tracabilite-des-evolutions.pdf\"><strong>&#8211; JardinaBY_Statuts_2025_V1.0_avec-tracabilite-des-evolutions<\/strong><br><br><\/a><\/div>\n\n\n\n<div class=\"wp-block-file\"><a id=\"wp-block-file--media-0b8ad289-41c7-423a-bf92-bd63d0d6b93c\" href=\"https:\/\/jardinaby.fr\/wp-content\/uploads\/2025\/11\/JardinaBY_Statuts_2025_V1.0.pdf\"><strong>&#8211; JardinaBY_Statuts_2025_V1.0<\/strong><br><br><\/a><\/div>\n\n\n\n<p class=\"has-text-align-left\"><strong>Convocation \u00e0 l&rsquo;Assembl\u00e9e G\u00e9n\u00e9rale Ordinaire<\/strong> : dimanche 23 novembre \u00e0 16h30. Cette assembl\u00e9e a pour objet la pr\u00e9sentation des activit\u00e9s et des comptes ainsi que le renouvellement du Conseil d&rsquo;Administration<\/p>\n\n\n\n<div class=\"wp-block-file\"><a id=\"wp-block-file--media-57e142c3-ad5f-4974-ab03-9aad7a8d3334\" href=\"https:\/\/jardinaby.fr\/wp-content\/uploads\/2025\/11\/JardinaBY_Rapport-Activite-2024-2025_V1.0-1.pdf\"><strong>&#8211; JardinaBY_Rapport-Activite-2024-2025_V1.0<\/strong><br><br><\/a><\/div>\n\n\n\n<div class=\"wp-block-file\"><a id=\"wp-block-file--media-fb5b1344-5472-4423-a101-2050e039ee1b\" href=\"https:\/\/jardinaby.fr\/wp-content\/uploads\/2025\/11\/JardinaBY_Demande-de-subvention-pour-2026_V1.1.pdf\"><strong>&#8211; JardinaBY_Demande-de-subvention-pour-2026_V1.1<\/strong><br><br><\/a><\/div>\n\n\n\n<div class=\"wp-block-file\"><a id=\"wp-block-file--media-a0d28c24-d691-4f92-9945-67863b09d83f\" href=\"https:\/\/jardinaby.fr\/wp-content\/uploads\/2025\/11\/JardinaBY_Reglement-Interieur_2025-10-25.pdf\"><strong>&#8211; JardinaBY_Reglement-Interieur_2025-10-25<\/strong><br><br><\/a><\/div>\n\n\n\n<p><\/p>\n","protected":false},"excerpt":{"rendered":"<p>Vous \u00eates cordialement invit\u00e9s \u00e0 l&rsquo; Assembl\u00e9e G\u00e9n\u00e9rale Extraordinaire de Jardin\u00e0BY le mercredi 10 d\u00e9cembre 2025 \u00e0 18h \u00e0 la Maison de l&rsquo;Ecologie et de la Transition de Bures-sur-Yvette. Cette assembl\u00e9e a pour objet la modification des statuts. Vous \u00eates tous cordialement invit\u00e9s aux Assembl\u00e9es G\u00e9n\u00e9rales Extraordinaire et Ordinaire de Jardin\u00e0BY le dimanche 23 novembre [&hellip;]<\/p>\n","protected":false},"author":1,"featured_media":0,"parent":0,"menu_order":0,"comment_status":"closed","ping_status":"closed","template":"","meta":{"footnotes":""},"class_list":["post-727","page","type-page","status-publish","hentry"],"_links":{"self":[{"href":"https:\/\/jardinaby.fr\/index.php\/wp-json\/wp\/v2\/pages\/727","targetHints":{"allow":["GET"]}}],"collection":[{"href":"https:\/\/jardinaby.fr\/index.php\/wp-json\/wp\/v2\/pages"}],"about":[{"href":"https:\/\/jardinaby.fr\/index.php\/wp-json\/wp\/v2\/types\/page"}],"author":[{"embeddable":true,"href":"https:\/\/jardinaby.fr\/index.php\/wp-json\/wp\/v2\/users\/1"}],"replies":[{"embeddable":true,"href":"https:\/\/jardinaby.fr\/index.php\/wp-json\/wp\/v2\/comments?post=727"}],"version-history":[{"count":33,"href":"https:\/\/jardinaby.fr\/index.php\/wp-json\/wp\/v2\/pages\/727\/revisions"}],"predecessor-version":[{"id":782,"href":"https:\/\/jardinaby.fr\/index.php\/wp-json\/wp\/v2\/pages\/727\/revisions\/782"}],"wp:attachment":[{"href":"https:\/\/jardinaby.fr\/index.php\/wp-json\/wp\/v2\/media?parent=727"}],"curies":[{"name":"wp","href":"https:\/\/api.w.org\/{rel}","templated":true}]}}

<div class="wp-block-file"><a id="wp-block-file--media-6c3bb94d-00a3-4cbb-b990-13b047097635" href="https://jardinaby.fr/wp-content/uploads/2025/12/JardinaBY_CR-AGs-Extraordianire-puis-Ordinaire-puis-CA_23nov-2025_V1.0.pdf" target="_blank" rel="noreferrer noopener"><br><strong>&#8211; JardinaBY_CR-AGs-Extraordianire-puis-Ordinaire-puis-CA_23nov-2025_V1.0</strong><br><br></a></div>



<p>Vous êtes cordialement invités à l&rsquo; Assemblée Générale Extraordinaire de JardinàBY le mercredi 10 décembre 2025 à 18h à la Maison de l&rsquo;Ecologie et de la Transition de Bures-sur-Yvette. Cette assemblée a pour objet la modification des statuts.<br></p>



<div class="wp-block-file"><a id="wp-block-file--media-27cd6419-a0f9-4aa8-b180-3677e5363640" href="https://jardinaby.fr/wp-content/uploads/2025/12/JardinaBY_Convocation-AGE_10-dec-2025_V1.0.pdf" target="_blank" rel="noreferrer noopener"><strong>&#8211; JardinaBY_Convocation-AGE_10-dec-2025_V1.0</strong><br><br></a></div>



<div class="wp-block-file"><a id="wp-block-file--media-3888ec02-8311-41c8-b39e-b8717d5e83dc" href="https://jardinaby.fr/wp-content/uploads/2025/11/JardinaBY_Statuts_2025_V1.0_avec-tracabilite-des-evolutions.pdf" target="_blank" rel="noreferrer noopener"><strong>&#8211; JardinaBY_Statuts_2025_V1.0_avec-tracabilite-des-evolutions</strong><br><br></a></div>



<div class="wp-block-file"><a id="wp-block-file--media-2b0bc571-88ed-4458-88fd-5f8ddb2e89be" href="https://jardinaby.fr/wp-content/uploads/2025/12/JardinaBY_Statuts_2025_V1.0.pdf" target="_blank" rel="noreferrer noopener"><strong>&#8211; JardinaBY_Statuts_2025_V1.0</strong><br><br><br><br></a></div>



<p>Vous êtes tous cordialement invités aux Assemblées Générales Extraordinaire et Ordinaire de JardinàBY le dimanche 23 novembre 2025 à la Maison de l&rsquo;Ecologie et de la Transition de Bures-sur-Yvette. <br><br>N&rsquo;oubliez pas de renouveler votre adhésion : <a href="https://www.helloasso.com/associations/jardin-et-partage-a-bures-sur-yvette-jardinaby/adhesions/adhesion-2025-2026-2-1" target="_blank" rel="noreferrer noopener"><strong>Adhérer à JardinàBY</strong></a><br><br>Cliquer sur chaque document que vous souhaitez consulter et qui sera soumis à validation :</p>



<div class="wp-block-file"><a id="wp-block-file--media-2958fc94-b635-4d93-b694-14b436f3acc1" href="https://jardinaby.fr/wp-content/uploads/2025/11/JardinaBY_Convocation-AGs_23nov-2025_V1.0-2.pdf" target="_blank" rel="noreferrer noopener"><strong>&#8211; JardinaBY_Convocation-AGs_23nov-2025_V1.0</strong></a></div>



<p class="has-text-align-left"><br><strong>Convocation à l&rsquo;Assemblée Générale Extraordinaire</strong> : dimanche 23 novembre à 16h00. Cette assemblée a pour objet la modification des statuts.</p>



<div class="wp-block-file"><a id="wp-block-file--media-3888ec02-8311-41c8-b39e-b8717d5e83dc" href="https://jardinaby.fr/wp-content/uploads/2025/11/JardinaBY_Statuts_2025_V1.0_avec-tracabilite-des-evolutions.pdf"><strong>&#8211; JardinaBY_Statuts_2025_V1.0_avec-tracabilite-des-evolutions</strong><br><br></a></div>



<div class="wp-block-file"><a id="wp-block-file--media-0b8ad289-41c7-423a-bf92-bd63d0d6b93c" href="https://jardinaby.fr/wp-content/uploads/2025/11/JardinaBY_Statuts_2025_V1.0.pdf"><strong>&#8211; JardinaBY_Statuts_2025_V1.0</strong><br><br></a></div>



<p class="has-text-align-left"><strong>Convocation à l&rsquo;Assemblée Générale Ordinaire</strong> : dimanche 23 novembre à 16h30. Cette assemblée a pour objet la présentation des activités et des comptes ainsi que le renouvellement du Conseil d&rsquo;Administration</p>



<div class="wp-block-file"><a id="wp-block-file--media-57e142c3-ad5f-4974-ab03-9aad7a8d3334" href="https://jardinaby.fr/wp-content/uploads/2025/11/JardinaBY_Rapport-Activite-2024-2025_V1.0-1.pdf"><strong>&#8211; JardinaBY_Rapport-Activite-2024-2025_V1.0</strong><br><br></a></div>



<div class="wp-block-file"><a id="wp-block-file--media-fb5b1344-5472-4423-a101-2050e039ee1b" href="https://jardinaby.fr/wp-content/uploads/2025/11/JardinaBY_Demande-de-subvention-pour-2026_V1.1.pdf"><strong>&#8211; JardinaBY_Demande-de-subvention-pour-2026_V1.1</strong><br><br></a></div>



<div class="wp-block-file"><a id="wp-block-file--media-a0d28c24-d691-4f92-9945-67863b09d83f" href="https://jardinaby.fr/wp-content/uploads/2025/11/JardinaBY_Reglement-Interieur_2025-10-25.pdf"><strong>&#8211; JardinaBY_Reglement-Interieur_2025-10-25</strong><br><br></a></div>



<p></p>

<p>Vous êtes cordialement invités à l&rsquo; Assemblée Générale Extraordinaire de JardinàBY le mercredi 10 décembre 2025 à 18h à la Maison de l&rsquo;Ecologie et de la Transition de Bures-sur-Yvette. Cette assemblée a pour objet la modification des statuts. Vous êtes tous cordialement invités aux Assemblées Générales Extraordinaire et Ordinaire de JardinàBY le dimanche 23 novembre [&hellip;]</p>
